. What is b(v)?
2
Let n = -1115/4 - -279. Let c(t) be the first derivative of 0*t**3 + 2 + n*t**4 - t + t**2. Give c(2).
11
Let r(l) = 1173161*l**2 + 12 - 1173168*l**2 - 85*l + 19*l. What is r(-10)?
-28
Let a(f) = 3*f - 8. Let y be a(6). Let r(w) = -1 - y*w - 9*w + 27*w. Let c be (-3 + (-8)/(-4) + 0)*1. Determine r(c).
-9
Let q(m) = -5*m - 5. Let y be 3*(3/(-18) + (-1)/6). Let d(c) = -c - 1. Let x(k) = y*q(k) + 3*d(k). Calculate x(7).
16
Let j(u) = -16*u + 457. Let a(k) = -8*k + 247. Let f(z) = -11*a(z) + 6*j(z). What is f(3)?
1
Let h(q) be the third derivative of -1/6*q**3 + 0 + 1/6*q**4 + 16*q**2 + q. Let j(l) = l - 4. Let m be j(7). Determine h(m).
11
Let j(l) be the third derivative of -l**6/120 + l**5/15 - 2*l**3/3 + l**2. Let s = -17085 - -17089. What is j(s)?
-4
Let x(o) be the third derivative of -o**4/8 + 29*o**3/2 + 3*o**2 - 18*o. Calculate x(21).
24
Let c(m) be the first derivative of m**3/3 - m**2/2 - 2*m + 9. Suppose 2 = -5*t + 12. Let x = 0 - t. Calculate c(x).
4
Let y(q) = q + 0*q - 70 + 273 - 208. Let c(i) = -i + 1. Let r be c(-2). Give y(r).
-2
Suppose -5*q - 92 = 3*p, 0 = -247*q + 251*q - 20. Let x(b) = b**2 + 26*b - 503. Give x(p).
4
Let t(r) = -r**2 - 21*r + 69. Let i be t(3). Let a be 2/i - 120/(-72). Let q(g) = -19*g. Calculate q(a).
-19
Suppose -3*c - 4*x + 621 = 0, -x = 2*c + 3*c - 1035. Suppose 5*r + c = -283. Let y = r + 99. Let h(o) = 9*o - 1. What is h(y)?
8
Let i(u) = 2*u**2 - u + 1. Let c be ((-6)/(-5))/((-2)/(-5)). Suppose -2*g + 18 = -3*b + 108, -c*b + 6 = 0. Let r = -40 - g. Give i(r).
7
Let m(w) = 9*w**3 + 34*w**2 + 5*w - 25. Let n(o) = -2*o**3 - 7*o**2 - o + 5. Let d(i) = 3*m(i) + 14*n(i). What is d(4)?
-1
Let r(v) be the second derivative of -v**4/12 - 5*v**3/2 + 24*v**2 + 2307*v. Determine r(3).
-6
Let h(f) = 47*f**3 + 13*f**2 + 9*f - 30. Let k(c) = 53*c**3 + 16*c**2 + 7*c - 32. Let m(n) = -9*h(n) + 8*k(n). Give m(-13).
1
Suppose -6*r = p - 5*r + 15, -4*r - 4 = 0. Let y be (-3)/(-1)*p/(-21). Let w(n) = -n**3 - 4*n**2 + 4*n - 3. Calculate w(y).
-19
Let y = -2620 - -2615. Let b(l) be the first derivative of l**3/3 + l**2/2 - 6*l + 12. Give b(y).
14
Let k(m) = 2 + 10 - 7*m + 7*m - 1 + 4*m. What is k(-10)?
-29
Let v be (-1885)/(-6) - 35/(-42). Let g be (4/(-5))/(18/v). Let m(r) = r**3 + 15*r**2 + 14*r - 12. Give m(g).
-12
Let o(y) = -7*y**2 + 12*y - 15. Suppose 16*h - 3*h = -169. Let s(i) = -15*i**2 + 25*i - 32. Let g(c) = h*o(c) + 6*s(c). Calculate g(4).
-5
Let a(t) = -214*t + 52 + 416*t - 193*t. Calculate a(-5).
7
Let w(v) = 4*v**3 - 13*v**2 - 10*v - 2. Let q(d) = 3*d**3 - 13*d**2 - 11*d - 3. Let h(l) = -3*q(l) + 2*w(l). Give h(14).
-9
Suppose 0*q - 5*q = -25, -4*w - q + 17 = 0. Let k(h) = 15*h - 53. Give k(w).
-8
Suppose -5*f - 17 = -2. Let l(n) be the second derivative of -n**4/12 - n**2/2 + 3*n + 188. Determine l(f).
-10
Let i = 858 - 856. Let q(s) = -s**3 + 2*s**2 + 4. What is q(i)?
4
Let l = -1261 - -1267. Let h(x) be the second derivative of 0*x**2 - 1/3*x**3 - l*x + 0. Calculate h(3).
-6
Let z(c) = c**3 + 10*c**2 + 22*c + 8. Let x be (-262)/32 + 72/384. Give z(x).
-40
Let b(s) = s**3 + 3*s**2 + 4*s. Let z be (-9)/12 - (-114)/(-8). Let v(a) = -a**3 - 14*a**2 + 13*a - 33. Let c be v(z). Calculate b(c).
-12
Let t(i) = -3*i + 5. Let f(g) be the first derivative of g**2 - 6*g + 1. Let x(a) = -2*f(a) - 3*t(a). Suppose 2868 - 2757 = -21*r - 16*r. What is x(r)?
-18
Let h(p) = -19*p**3 - 40*p**2 + p + 5. Let y(x) = -12*x**3 - 27*x**2 - x + 3. Let l(d) = 5*h(d) - 8*y(d). What is l(-15)?
31
Let l(w) be the second derivative of w**3/6 + 5*w**2/2 + 5*w - 1. Let p be l(-12). Let d(f) = f**3 + 6*f**2 - 6*f - 4. What is d(p)?
-11
Let x = 757 - 758. Suppose -4 = -5*y + 5*z + 36, 0 = -5*y - 2*z + 12. Let o(f) = -y*f**2 + f**2 + 4*f**2. What is o(x)?
1
Suppose p + 13 = 5*h, 2*h + 4*p + 121 = 113. Let c(t) = 16*t + 18. Give c(h).
50
Let p(d) = -10*d - 169. Suppose 87*r - 467 = -1859. Calculate p(r).
-9
Suppose -826*d - 18 = -829*d - 5*k, -24 = -4*d + 3*k. Suppose -2*g + 5 + 1 = 0. Let x(t) = 5*t**3 - 7*t**2 - 2*t**3 + g - 2*t**3 + 1 + 5*t. Determine x(d).
-2
Let y(t) be the third derivative of -t**5/60 + 29*t**4/24 - 31*t**3/2 + 904*t**2. Determine y(25).
7
Let b(x) = -2*x + 2. Let y(h) = -h - 1. Let k(z) = -6. Let n(s) = k(s) - 3*y(s). Let a(m) = 4*b(m) + 3*n(m). Give a(1).
0
Let z(d) be the first derivative of d**2/2 - 12*d + 2. Suppose -441*y = -446*y. What is z(y)?
-12
Let p(f) = 14*f**2 + 69*f - 24. Let k(u) = 30*u**2 + 150*u - 48. Let h(o) = 6*k(o) - 13*p(o). What is h(5)?
-11
Suppose -114*f = -112*f - 16. Suppose 0 = 16*x - f*x + 32. Let m(b) = 2*b + 13. What is m(x)?
5
Let w(z) = -z**2 + 8*z + 35. Suppose -5*k - n = -70, -159*k - 3*n = -161*k + 45. Calculate w(k).
-70
Let a be 2/8 + ((-325)/20)/5. Let d be (a/(-12))/((-3)/(-24)). Let u(i) = 4 - 2 + d + i - 3*i. Give u(6).
-8
Let a(c) = 11*c - 406*c**2 - 1 + 645*c**2 - 240*c**2. Give a(15).
-61
Let w(k) = 3*k**3 - 51*k**2 + 116*k + 277. Let s(y) = -y**3 + 17*y**2 - 38*y - 97. Let f(m) = -17*s(m) - 6*w(m). What is f(13)?
13
Let n(c) = -35*c**2 + 11*c + 11. Let p(f) = -12*f**2 + 4*f + 4. Let v(h) = -4*n(h) + 11*p(h). Let i(u) = -u**3 + u**2 + 4*u - 3. Let t be i(2). What is v(t)?
8
Let s(i) = i**2 + 3*i + 2. Let u be 1 + (4214/(-28))/(1/2). Let k = u + 297. Give s(k).
2
Suppose -3*t = -i - 24, -t - 2*i + 15 + 7 = 0. Let w(q) = 56*q - 557. Give w(t).
3
Let m = -37 + 41. Suppose -150 = -m*p - 34. Let b = p - 33. Let h(y) = y**3 + 4*y**2 + y + 3. Determine h(b).
-1
Let t(g) be the second derivative of -g**4/6 - g**3/2 - 15*g**2/2 + 148*g - 1. Give t(-6).
-69
Let c(m) = -m**2 + 40*m - 92. Let s be c(38). Let a(d) = d**2 + 4*d - 189. Let t be a(s). Let n(q) = 2*q**2 - 6*q + 5. Give n(t).
5
Let o(f) = 5*f. Let k(p) = 3*p. Let a(u) = 8*u + 15. Let i(j) = 2*a(j) - 6*k(j). Let y be i(14). What is o(y)?
10
Let i(c) be the third derivative of c**6/30 + 4*c**5/5 - c**4/12 - 17*c**3/6 + 2961*c**2. Give i(-12).
7
Let i(v) = -10*v**3 + 3*v**2 + 19*v + 57. Let f(s) = 23*s**3 - 9*s**2 - 37*s - 116. Let q(p) = -3*f(p) - 7*i(p). Give q(-8).
-3
Let o(l) be the first derivative of l**3/6 - 5*l**2 + 86*l - 104. Let b(i) be the first derivative of o(i). Calculate b(7).
-3
Let u(o) be the first derivative of 5*o**2/2 + 13*o - 6. Let j be 6 - (-1 + 12) - -1. Determine u(j).
-7
Let d(x) = -2*x**2 + x - 1. Let c(s) = 11*s**2 - 5*s - 6. Let r(z) = c(z) + 5*d(z). What is r(-4)?
5
Let g(o) = o**2 - 4*o. Let z = 26 + 43. Suppose z = -x + 8. Let b = -57 - x. Calculate g(b).
0
Let o = -23729 + 23734. Let y(v) = v**2 + v - 1. Let r(a) = 3*a**2 - a - 9. Let x(b) = -r(b) + 2*y(b). Determine x(o).
-3
Let d(g) = -94*g - 32. Let s(a) = 151*a + 48. Let k(l) = 8*d(l) + 5*s(l). Determine k(12).
20
Let c(a) = -a - 13. Let y = 54 + -54. Suppose -111*b + 109*b + 192 = y. Let z = -105 + b. Calculate c(z).
-4
Let w(r) = r**2 - r - 4. Suppose 11*b = 4*b - 42. Let k be (-6)/(-48)*b*(5 + -1). What is w(k)?
8
Let z(t) be the first derivative of -2*t**3/3 + 35*t**2/2 - 23*t - 1216. What is z(17)?
-6
Let b(c) = c**2 - 11*c + 21. Let z be b(9). Let a be 3 - 1*z/(-6)*0. Suppose 0 = -a*k + 4*k + t, 4*k = 3*t + 7. Let x(p) = -5*p + 1. Calculate x(k).
-4
Let w(l) be the second derivative of 1/6*l**3 - 8*l - 1/2*l**2 + 0 - 1/20*l**5 + 1/3*l**4. Calculate w(4).
3
Let z(l) = -4*l + 20*l - 2 - 17 + l**2. Let q be (-1 + 18)*(-1302 - -1301). What is z(q)?
-2
Let d(x) be the first derivative of -2*x + 1/4*x**4 - 71 + 3/2*x**2 - 2/3*x**3. Calculate d(3).
16
Let k(d) = 19*d + 2. Let h(l) = -161*l - 17. Let u(c) = 5*h(c) + 40*k(c). What is u(-2)?
85
Let m(g) be the first derivative of -g**2/2 - 20*g + 366. Calculate m(-20).
0
Let z(q) = 2*q**2 + 10*q + 16. Let w(t) = -t**2 - 1. Let n(j) = 3*w(j) + z(j). Let g(a) = a**3 - 11*a**2 - 21*a - 54. Let u be g(13). What is n(u)?
2
Suppose 75*y + 101 = 26. Let k(q) be the third derivative of 3*q**5/20 - q**4/12 - q**3/3 + 23*q**2. Determine k(y).
9
Let q(b) be the third derivative of b**6/120 - b**5/20 + 7*b**4/24 - 11*b**3/6 - 1655*b**2. What is q(5)?
74
Let j(q) be the second derivative of -q**5/20 + q**4/3 - q**3/2 - 7*q. Suppose 3*v - 82 = -76. What is j(v)?
2
Let z be 0/3 + (-1)/(5 + -6). Let v(h) = -17*h + 5. What is v(z)?
-12
Let g(q) be the third derivative of q**5/60 + 2*q**4/3 